. Let q = 508 + r. Is q a composite number?
False
Let n be ((-102)/85)/(6/40). Let o(u) = 75*u**2 - 20*u - 25. Let j(x) = 25*x**2 - 7*x - 8. Let t(g) = -8*j(g) + 3*o(g). Is t(n) prime?
True
Suppose -125*n = -126*n + 32647. Is n composite?
False
Suppose -26020 - 14462 = -6*c. Suppose -4*n + 2*o + 6639 = -c, 5*o = -2*n + 6711. Suppose n = 3*z + 3*s, 0 = -7*s + 2*s - 5. Is z prime?
True
Suppose 6*j + 873 + 927 = 0. Let q be ((-214)/5)/(6/j). Let u = -557 + q. Is u composite?
False
Let k be 362/12 - (-5)/(-30). Suppose 0 = -5*g - 5*d - k, 0 = -5*g - 4*d - 42 + 8. Is 1 - 35/(-2) - 5/g a composite number?
False
Let d be (-1)/((-435)/585 - 4/(-6)). Suppose 8*g = d*g - 25. Is g + 12/((-16)/4) + 87 prime?
True
Suppose -5*a + 10 = -0. Let o(c) = 16*c**2 - 2*c**2 + 0*c**a - 5 + 2*c + 13*c**2. Is o(-4) prime?
True
Suppose 3*m + 3*d = 4*d + 9, 15 = 3*m - 3*d. Let b(h) = h - 27 - h + 9*h + 11*h**m - h. Is b(-12) prime?
False
Let y = 15697 + -596. Is y a prime number?
True
Suppose 24182341 = 18*o + 1991383. Is o a composite number?
False
Let n be (-4 - 274/6)*-1*231. Suppose 26*t = 37*t - n. Is t prime?
False
Suppose 660*n - 655*n + 15 = 0. Is (n/(-2))/((-12)/(-10072)) composite?
False
Let m(h) = 3073*h - 5. Is m(43) composite?
True
Let w(h) = 70*h + 25. Let q be w(16). Let j = -378 + q. Is j composite?
True
Suppose 3*v - r = 1153719, 2*v + 433*r - 432*r - 769136 = 0. Is v a composite number?
True
Let a(l) = 3*l**3 + 16*l**2 - 11*l - 37. Let v be (-15)/5*1/3. Let k(f) = -f**3 - f - 1. Let g(j) = v*a(j) - 4*k(j). Is g(19) prime?
True
Is (-37 + 17 + 22)*(-38210)/(-4) prime?
False
Let j(v) = -v**3 + 11*v**2 - 10*v + 3. Suppose 3*r - 8 = 22. Let y be j(r). Is -6*y/(-6) + 1096 a composite number?
True
Let k(y) = -y**3 - 7*y**2 + 11*y + 30. Let s be k(-5). Is (15/s - 14228/10)/(-1) a composite number?
False
Suppose -65 = -7*f - 44. Suppose -4*v - f*l + 2*l = -2984, -2*l + 8 = 0. Is v a prime number?
False
Suppose 3*b + 0*b - 3 = 0, -p + b + 4 = 0. Suppose o = -p*o. Is (-2 + 1261)*(1 + o) a prime number?
True
Let l = 387402 + -51793. Is l a composite number?
False
Suppose 9*p + 3*p = p. Suppose 0 = 5*c - 10, -2*x + p*c + 2*c = -2170. Is x a composite number?
False
Let d = 9144 - -226003. Is d composite?
True
Suppose -4*n = -20401 - 3959. Let a = n + -3869. Is a a composite number?
False
Let k(c) = 574*c**3 - 1. Let r(v) be the third derivative of v**6/60 - v**5/30 + v**4/24 + 18*v**2. Let q be r(1). Is k(q) a prime number?
False
Is -8 + (3 + 364)*299 + -8 composite?
False
Suppose 60246 = 32*q - 777802. Is q prime?
True
Let x(d) = 391*d + 9537. Is x(32) a prime number?
False
Let l be 6 + -6 - -4 - (-2)/(-2). Suppose 4*d + l*o = 9, -3*d + 5*d - 8 = 2*o. Is 1047 + 0/d + 2 + 0 composite?
False
Let t be (23/(-92))/((-2)/2152). Let k(z) = t*z**3 + 6*z**2 + 3*z**2 - 270*z**3 - 10*z + 23. Is k(6) composite?
False
Let n(c) = -8399*c + 38. Let k be n(-3). Let t = k - 17440. Is t a composite number?
True
Suppose -3*h - 2*k + 48 = 2*h, -2*h - 2*k + 24 = 0. Suppose 0 = h*u - 6*u + 278. Let z = -46 - u. Is z prime?
False
Suppose 0*v + 292004 + 183084 = 16*v. Is v a composite number?
True
Let v = -46032 - -90191. Is v composite?
False
Suppose 255 = -2*m + 5*m. Is (-10)/m + 266712/136 a prime number?
False
Suppose h - 293117 - 306741 = -r, -3*h = r - 599840. Is r a composite number?
True
Suppose -3*v - 7589 = -2*r, 2*r + v - 6*v = 7595. Let o = -107 + r. Is o prime?
False
Let d = 3766 + -1548. Suppose k - 8851 = -4*r, d = -0*r + r - 5*k. Is r composite?
False
Suppose 7*h - 102653 = 69365. Let s = h - -4215. Is s a prime number?
True
Let v = -46 + 51. Let u be 4 - 3 - -2 - (v - 5). Suppose 0*r - r + 1328 = u*d, 6694 = 5*r - 3*d. Is r a composite number?
True
Let h(l) = -l**2 + 9*l + 9. Let z be h(7). Suppose -z - 2 = -2*p + 5*t, 3*p - 3*t - 24 = 0. Suppose 5*n - 40 = -p. Is n prime?
True
Let l = 35 - 32. Suppose -r - 3 = -2*d + 8, -3*d = 5*r + l. Suppose -3*t - 1309 = -d*y, 0*t + 677 = 2*y + 3*t. Is y a prime number?
True
Suppose 1 - 6 = 4*z - 5*v, 5*z - 4*v - 5 = 0. Suppose 0*u - z = -u. Suppose -3*s = u*h - 3946, 797 = h - s - s. Is h composite?
True
Let d = -491 - -496. Suppose -4*f - 5*i = -14259, 0*f + d*i - 10688 = -3*f. Is f a prime number?
True
Let s(y) = 692*y - 29. Suppose p = -2*g + 5 - 2, -5*g = 2*p - 4. Let u(f) = -346*f + 14. Let j(o) = p*u(o) + 3*s(o). Is j(-3) a composite number?
False
Let p(k) = -k**2 - 12*k + 81. Let g be p(-17). Is (-343)/(1/38*-2) - g a prime number?
True
Let t(j) = -j**2 - 4*j - 5. Let v be t(-4). Let s(w) = 3*w - 146 - 2*w + 344 + 145*w**2 - 171. Is s(v) a prime number?
False
Let u be (1 - 5/7) + 170/(-7). Let j be (-6)/15 + u/(-10). Is ((-496)/10)/(j/(-15)) - 1 a prime number?
False
Let r = 54 + -28. Let u = r - 33. Let i(g) = -g**3 + 4*g**2 + 8*g - 4. Is i(u) prime?
True
Is 1910991/21*(-103 + 110) composite?
False
Suppose 8 = 4*l, 2*l = -2*s - 0*s + 16. Let f(h) = -s + 11 + 13*h - 4 + 14*h. Is f(14) composite?
False
Suppose 0 = 7*x + 3*x - 20. Suppose -x*v + 20 = -64. Suppose -21*g - v = -23*g. Is g prime?
False
Is (-338330)/(-20) + (-30)/(-45)*(-6)/(-8) a composite number?
True
Suppose 15683372 - 1340420 = 261*c + 654285. Is c composite?
True
Let d(i) = -4*i**3 - 6*i**2 + 35*i - 10. Let q(c) = c**3 - 2*c**2 - c. Let u(m) = -d(m) - 5*q(m). Is u(13) prime?
True
Suppose 4*u - 3*o - 191041 = 0, -6*u - 2*o + 143285 = -3*u. Is u composite?
True
Suppose 0 = 35*g - 43*g + 120. Suppose -4 = -r + g. Is 78/3*r/2 a composite number?
True
Let m = -9 - -19. Is 2456 + (1 - (m - 6)) a composite number?
True
Suppose 102*n + 4*f - 202587 = 97*n, -2*f - 4 = 0. Is n a composite number?
False
Suppose 3*s - 33 = -66. Is (19960 - -1)*s/77*-7 a composite number?
False
Let y(z) = -33*z - 39 - 1027*z**2 + 11 + z**3 - 30 + 1014*z**2. Is y(21) prime?
True
Suppose 0 = 5*j - 424984 - 230034 + 91083. Is j composite?
False
Suppose 24145 - 8044 = v + 2*u, 0 = 7*v + 4*u - 112627. Is v composite?
True
Let a = -298 - -301. Suppose 2*v - 5*v + 2*p = -11551, 0 = a*v - 4*p - 11561. Is v composite?
False
Let j(i) = 85*i - 32. Let u be j(6). Let m = 352 + u. Let w = m - 31. Is w composite?
True
Is ((-1)/2)/(437/(-162674998)) a composite number?
True
Let i = 10548 + -2574. Suppose 0 = -2*y + i + 3352. Is y composite?
True
Suppose r = f + 24, -5*r - 16*f = -18*f - 120. Let y(d) = 202*d + 83. Is y(r) prime?
True
Let l = 148612 - 80547. Is l a prime number?
False
Let u be (1 + 4/8)/(3/4). Let r be 742/8 - u/32*-4. Suppose -4*n = h - 69 - 55, 0 = -3*n + 2*h + r. Is n a composite number?
False
Let m(t) = 59*t**2 - 117*t - 2833. Is m(-93) a composite number?
True
Let v = 100335 - 59724. Is v a composite number?
True
Let a(l) = -298*l + 2091. Is a(-19) a composite number?
False
Let o = 406026 - 191255. Is o prime?
True
Is (-4)/(-16)*(23726 + 30) composite?
False
Let l(h) = 79*h**3 + 9*h**2 - 170*h + 101. Is l(15) a prime number?
False
Let p(i) = 17*i - 48. Let m be p(3). Suppose v = g + 31870 - 7673, -4*v = -m*g - 96788. Is v prime?
True
Let s be 5/((2/(-4))/1). Let x = 30 + s. Suppose -3*v = 5*d - 3281, -5*d + 1127 = v + x. Is v composite?
False
Suppose -585*c + 4 = -583*c. Let v(m) = 408*m**2 + 5*m - 11. Is v(c) prime?
False
Let j(o) = o - 1. Suppose -4*s + 2*x = -x - 41, 5*s = 2*x + 46. Let i be j(s). Is (i - 8) + (-266)/(-1) prime?
False
Let d(j) = -10*j + 82171. Is d(0) a prime number?
True
Suppose -64150 = 5*b + 3*g, 3*b + 25543 + 12947 = 3*g. Is (-12)/8*b/3 a prime number?
False
Let s(x) = -1456*x - 2. Let y(p) = 1453*p + 2. Let b(g) = -6*s(g) - 5*y(g). Let a be 2/5 - (-30)/50. Is b(a) composite?
True
Let b(d) be the second derivative of d**4/2 - 3*d**2/2 - 2*d. Let f = -157 - -155. Is b(f) composite?
True
Suppose 3*u + 29 = y, 60 = 3*y - 5*u - 7. Suppose y*g - 21731 = -17*g. Is g a prime number?
True
Let x = -3485 - -6801. Suppose 2*p + 10*s = 7*s + 3311, -2*s = -2*p + x. Is p a composite number?
False
Suppose -l = 4, 139514 - 3240 = 2*n + 3*l. Is n prime?
False
Let f be (-4)/1*(78/24 + -4). Suppose -2*p - 3253 = -3*l, 6*p = f*l + 3*p - 3249. Is l a prime number?
True
Suppose 3*f = -3*o + 131322, -3*f + 164336 - 33002 = -o. Is f a composite number?
False
Suppose g = 2*d - 306, 12 = -4*g + 4. Suppose 287 = z - d. Is z a prime number?
True
Let p be -6 + (5 - 6) - -5*1. Is (935 